be (-1)/4 + 50/8. What is the units digit of 11*v/3 - -3?
5
Suppose -l = 2*l - 27. Let b be 8/(-12) - (-87)/l. Suppose -4 = h - x - 4*x, 5*h = -4*x + b. What is the units digit of h?
1
Suppose 26 = -4*v - 18. Let a(d) be the first derivative of d**4/4 + 11*d**3/3 + 5*d + 15. What is the units digit of a(v)?
5
Let x = -53 - -59. What is the units digit of x?
6
Let z(h) = h**2 + 3*h - 8. What is the hundreds digit of z(-15)?
1
Let d = -6 - -6. Suppose 5*x + d*x - 75 = 0. What is the units digit of x?
5
Let m be (-6)/(-16)*2*4. Suppose 0 = -f - 0 + 4. Suppose 0 = f*y + m*j - 67, -y - 3 = -j - 18. What is the tens digit of y?
1
Suppose 0*w + 3*w + 3*r = 12, w - r + 6 = 0. What is the tens digit of (12 + w + 3)*1?
1
Let m(f) = -f. Let p be m(-4). Let z(u) = 0 + 1 + 3 - u + p. What is the units digit of z(-11)?
9
Let c(f) = -7 - 2*f - 6*f**2 + f**3 - f - f. What is the tens digit of c(7)?
1
Suppose 5*j - 3*l - 288 = -6*l, 4*j = 2*l + 226. What is the units digit of j?
7
Let j be -2 - (-3)/1 - 1. Suppose 0 = 2*h - j*h. What is the units digit of 10/(h + (2 - 0))?
5
Let d be (-2)/(-2)*(-6)/2. What is the units digit of 6/(d/((-3)/1))?
6
Let p(i) = -1 + i - 3*i - 3 + 1. What is the tens digit of p(-7)?
1
Suppose 0*o - o = -4. Suppose 0*s - 4*s + 3*b = 20, -o*s - 4*b + 8 = 0. What is the tens digit of 5 + 9 - (0 + s)?
1
Suppose 55 + 55 = 5*k. What is the units digit of k?
2
What is the units digit of (5 - 3)/((-1)/(-44))?
8
Suppose -z - z + 64 = 0. What is the units digit of z?
2
Suppose -5 = 3*o + 13. What is the tens digit of 123/6 - o/(-4)?
1
Suppose 3*u - 53 = -14. Let a = 31 - 19. Suppose 0 = 3*s + a, -4*h + 3*s + 15 + u = 0. What is the units digit of h?
4
Suppose p = 4*o - 0*p - 15, -o = p. Suppose 2*n = -0*n - f + 41, -4*n + 87 = -o*f. What is the tens digit of n?
2
Suppose 3*t = -0*t + 3*i + 9, -t = i - 1. Suppose -2*u - 7*m = -t*m + 5, 45 = 5*u + m. Suppose 8*b + 8 = u*b. What is the units digit of b?
4
Suppose -p = d - 8, -2*p - 5*d = -13 - 15. Suppose p*u - 2*u = 36. Let i = -10 + u. What is the units digit of i?
8
Let q be (3/9)/((-4)/(-24)). Let u(i) = -4*i**2 + i**3 + q - 4*i + 2*i**3 - i**3 - i**3. What is the units digit of u(5)?
7
Let z(b) = 2*b - 5. Let j be z(6). Suppose 3*c - i = -20, 4*c - i = -8 - 18. Let x = j + c. What is the units digit of x?
1
Let l(p) = p**3 + 7*p**2 - 3*p + 7. What is the tens digit of l(-7)?
2
Suppose 5*k - 4*g + 94 = 7*k, -4*k = 5*g - 194. What is the tens digit of k?
5
Let a = 2 + 3. Suppose -2*b - a = -0*x - x, 0 = x + 4*b - 17. What is the units digit of x?
9
Suppose -4*w + 39 = 9*w. Let d be (1 + -2)/1 + 0. What is the tens digit of (w/d)/(6/(-40))?
2
Let q(j) = j + 1. Let i be 21/3*1 - 3. Suppose 27 = i*s + h, -5 = 2*h + 3*h. What is the units digit of q(s)?
8
Suppose -o + w = 0, -5*o = -6*w + 2*w + 1. What is the units digit of ((-1)/1)/(o/23)?
3
Let f(h) = 5*h**3 - 10*h + 3*h - 4*h**3 + 5*h**2 - 1. What is the units digit of f(-6)?
5
Suppose r + 5*a - 8 = -33, 3*r = -5*a - 45. Let u be (-16)/((r/(-4))/(-5)). Let l = u - 19. What is the units digit of l?
3
Let q(n) = 3*n + 2. Let m be q(1). Suppose -50 = -3*z - m. What is the units digit of z?
5
Let a = -3 - -108. What is the tens digit of a?
0
Suppose 0 = 4*a - 18 - 30. Let s = 24 - a. What is the units digit of s?
2
Let a be 12/(-2)*2/(-3). Suppose 20 = -2*o + a*j - 7*j, -1 = -o + 4*j. Let u(w) = w**3 + 7*w**2 + w + 10. What is the units digit of u(o)?
3
Let b = 328 - 226. What is the tens digit of b?
0
Let g be (-4)/(-6)*(-9)/(-6). What is the units digit of -1 + g + (-208)/(-8)?
6
Let z = -132 + 188. Let m(w) = -w**3 + w**2 - w + 5. Let f be m(0). Suppose -1 = f*j - z. What is the tens digit of j?
1
Let y = -7 + 3. What is the tens digit of (-50)/y*12/15?
1
Let v = 2 - 1. Let t = 1 + v. What is the units digit of t?
2
Let q(g) = -g**3 - 19*g**2 - 37*g - 35. What is the tens digit of q(-17)?
1
Let q(d) = -d**3 - d**2 + 1. Let b be q(-2). Suppose b*z = -0*z + 25. Suppose 2*y = -4*r - 0*y + 38, 0 = z*r - y - 44. What is the units digit of r?
9
Suppose 269 = 6*t + 71. What is the units digit of t?
3
Suppose 0*t = -2*t + 10. Suppose 0*s + t*s + 16 = 2*k, 5*k + 3*s - 9 = 0. Suppose -2*v + 10 = 4*i, 34 - 4 = 3*v + k*i. What is the tens digit of v?
1
What is the tens digit of 1/(-2) + ((-218)/4)/(-1)?
5
Suppose w + 4*t - 2*t = 11, 0 = 3*t - 9. Suppose o = w*y - 85, -3*y + 43 + 0 = o. What is the tens digit of y?
1
Let u(d) = d**3 + d**2 + 40. Let s be u(0). Let g be s*2/(2 - 0). Suppose 2*m + 3*m = g. What is the units digit of m?
8
Let v(a) = -a - 1. Let i(p) = p. Let u(r) = -3*i(r) - 2*v(r). Let z be u(-2). Suppose -3*w = -0*w + z*y - 15, 5*w = 5*y + 60. What is the units digit of w?
9
Suppose g = 2*c - g + 6, -12 = -c - 2*g. Suppose -u = -r - 1, 3*r - 1 = c*u - 0. Suppose -1 = -3*f - 5*l - 3, -3*l = u*f - 12. What is the units digit of f?
6
Let g(t) = -t - 2. Suppose -2*j = -p - 16, -p - 10 = -j - 0*j. Let l be g(j). What is the units digit of 4/6*(-108)/l?
9
Let y = -53 - -91. Let m = 18 + -16. Suppose m*p = 4*p - y. What is the tens digit of p?
1
Let t = 6 - 10. What is the units digit of 87/12 + 1/t?
7
Let s = 3 + 8. What is the units digit of s?
1
Suppose 275 = 2*f + 85. What is the tens digit of f?
9
Let b = 50 - 0. What is the units digit of b?
0
Let z be (-3)/1 - -4 - 1. Suppose -3 - 3 = -2*q, z = 4*h - 4*q + 4. What is the units digit of h?
2
Let p = -19 + 37. What is the units digit of p?
8
Let c be 1 - (1 + 1 - 3). What is the units digit of 35/c*24/15?
8
Let s(a) = a**2 - 3*a - 19. What is the units digit of s(-6)?
5
Suppose 4*b - 478 = 790. What is the hundreds digit of b?
3
Suppose -2*x + 36 = 2*t - 6*x, x - 11 = -2*t. Suppose 4*r - 52 = t. What is the tens digit of r?
1
Let q = 21 - 13. What is the units digit of q?
8
Suppose -o + 5*o = -16. Let m(g) = -8*g + 3. What is the tens digit of m(o)?
3
Let t = -1 + 10. What is the units digit of t?
9
Let l(q) = -2*q**3 - 4*q - 2. Let w be l(-3). Suppose -u + w = 3*u. What is the units digit of u?
6
Let w(d) = 12*d**2 - 2*d - 1. Suppose 0 = 4*v - r + 6, v + 3*r - 5 = 0. What is the units digit of w(v)?
3
Let c = 101 - 28. What is the tens digit of c?
7
Let i = 11 - 6. Suppose l = -4*r - 16, 4*r + 15 = i*l - 1. What is the units digit of 2*(l + 11 - 0)?
2
Let n(p) = -p**2 + 7*p - 6. Let y be 3*(15/(-9) - -2). Let a = 5 - y. What is the units digit of n(a)?
6
Let u(m) = m**2 + 10*m + 6. Let k(i) = 2*i**2 + 20*i + 12. Let p(l) = -3*k(l) + 5*u(l). What is the units digit of p(-6)?
8
Let w = -70 - -128. What is the units digit of w?
8
Let m = -3 + 4. Suppose 15 - 5 = 5*x. What is the units digit of x + (m + -2)*1?
1
Let s = -10 - -17. What is the units digit of s?
7
Suppose -3*q + 5*h = 42 - 521, 3*q - 3*h - 471 = 0. What is the units digit of q?
3
Suppose 0 = 6*l + 119 - 413. What is the units digit of l?
9
Let a(w) be the third derivative of w**5/10 + w**4/24 + w**3/6 + 5*w**2. What is the units digit of a(-3)?
2
Suppose 0 = -6*y - 3*y + 1611. What is the tens digit of y?
7
Suppose -j = -3*a - 12, j = -4*a + a + 6. Let w(m) = 2*m - 13. Let o be w(j). Let p = 3 + o. What is the units digit of p?
8
Suppose -432 = -5*s - f, -5*s + 183 = -3*s - 3*f. What is the units digit of s/(-2)*(-12)/18?
9
Let k = -4 + 7. Let y be 6 - ((2 - k) + -2). Let t = 17 - y. What is the units digit of t?
8
Let n = 222 + -102. Suppose -h + 5*h = n. Suppose -5*x + 10 = -h. What is the units digit of x?
8
What is the hundreds digit of (30/(-45))/((-1)/252)?
1
Let j(f) = -f - 1. Let o be j(-6). Suppose -5 + 85 = o*z. What is the units digit of z?
6
Suppose -2*q + 6 = -12. Suppose 5*r = 2*l, -3*r - q = -0*r - 3*l. What is the units digit of r?
2
Let a(g) = -3*g**3 - 6*g**2 - 6*g + 16. What is the tens digit of a(-4)?
3
Let b(k) = 3*k**2 + 5*k + 2. Let q be b(-3). Let n = 30 - q. What is the tens digit of n?
1
Suppose 0 = 3*c - 60 - 12. What is the units digit of c?
4
Let j = -3 + 28. What is the units digit of j?
5
Let w(g) = 3 - 7*g + 3*g**2 + 0*g - 2*g**2. What is the units digit of w(9)?
1
Suppose u = -3*u + 40. Suppose d = 2, f = -f + 2*d + u. Suppose -3*y = -8 - f. What is the units digit of y?
5
Let b = -22 - -23. What is the units digit of (34 - 0/2) + b?
5
Let t(b) = -12*b - 1. What is the tens digit of t(-7)?
8
Le